{"id":56879,"date":"2022-11-30T21:00:28","date_gmt":"2022-11-30T20:00:28","guid":{"rendered":"https:\/\/mademois-elle.ch\/?post_type=product&#038;p=56879"},"modified":"2022-11-29T17:37:42","modified_gmt":"2022-11-29T16:37:42","slug":"cardigan-simeona-gruen","status":"publish","type":"product","link":"https:\/\/mademois-elle.ch\/?product=cardigan-simeona-gruen&lang=de","title":{"rendered":"Cardigan Simeona Gr\u00fcn"},"content":{"rendered":"","protected":false},"excerpt":{"rendered":"<p>Indie + moi<\/p>\n<p>Spezielle Maschen mit passenden Kn\u00f6pfen, sehr weich.<\/p>\n<p>Nadine tr\u00e4gt Gr\u00f6\u00dfe 2<\/p>\n<p>65% Viskose &#8211; 35% Polyester<\/p>\n","protected":false},"featured_media":56884,"comment_status":"open","ping_status":"closed","template":"","meta":{"_et_pb_use_builder":"","_et_pb_old_content":"","_et_gb_content_width":""},"product_brand":[],"product_cat":[120,118,124],"product_tag":[],"class_list":{"0":"post-56879","1":"product","2":"type-product","3":"status-publish","4":"has-post-thumbnail","6":"product_cat-konfektionsware","7":"product_cat-neuheiten","8":"product_cat-pullover-cardigans","10":"first","11":"instock","12":"shipping-taxable","13":"purchasable","14":"product-type-variable"},"_links":{"self":[{"href":"https:\/\/mademois-elle.ch\/index.php?rest_route=\/wp\/v2\/product\/56879","targetHints":{"allow":["GET"]}}],"collection":[{"href":"https:\/\/mademois-elle.ch\/index.php?rest_route=\/wp\/v2\/product"}],"about":[{"href":"https:\/\/mademois-elle.ch\/index.php?rest_route=\/wp\/v2\/types\/product"}],"replies":[{"embeddable":true,"href":"https:\/\/mademois-elle.ch\/index.php?rest_route=%2Fwp%2Fv2%2Fcomments&post=56879"}],"wp:featuredmedia":[{"embeddable":true,"href":"https:\/\/mademois-elle.ch\/index.php?rest_route=\/wp\/v2\/media\/56884"}],"wp:attachment":[{"href":"https:\/\/mademois-elle.ch\/index.php?rest_route=%2Fwp%2Fv2%2Fmedia&parent=56879"}],"wp:term":[{"taxonomy":"product_brand","embeddable":true,"href":"https:\/\/mademois-elle.ch\/index.php?rest_route=%2Fwp%2Fv2%2Fproduct_brand&post=56879"},{"taxonomy":"product_cat","embeddable":true,"href":"https:\/\/mademois-elle.ch\/index.php?rest_route=%2Fwp%2Fv2%2Fproduct_cat&post=56879"},{"taxonomy":"product_tag","embeddable":true,"href":"https:\/\/mademois-elle.ch\/index.php?rest_route=%2Fwp%2Fv2%2Fproduct_tag&post=56879"}],"curies":[{"name":"wp","href":"https:\/\/api.w.org\/{rel}","templated":true}]}}