{"id":57340,"date":"2023-01-31T19:00:19","date_gmt":"2023-01-31T18:00:19","guid":{"rendered":"https:\/\/mademois-elle.ch\/?post_type=product&#038;p=57340"},"modified":"2023-01-31T17:01:38","modified_gmt":"2023-01-31T16:01:38","slug":"tasche-cesar-gruen","status":"publish","type":"product","link":"https:\/\/mademois-elle.ch\/?product=tasche-cesar-gruen&lang=de","title":{"rendered":"Tasche C\u00e9sar Gr\u00fcn"},"content":{"rendered":"","protected":false},"excerpt":{"rendered":"<p>Abnehmbarer, passender Schulterriemen<\/p>\n<p>3 Rei\u00dfverschl\u00fcsse an der Oberseite und 1 an der R\u00fcckseite<\/p>\n<p>Ma\u00dfe: B 24 cm x H 17 cm x T 8 cm<\/p>\n<p>Made in Italy<\/p>\n<p>100% Leder &#8211; Innenfutter 100% Polyester<\/p>\n","protected":false},"featured_media":57341,"comment_status":"open","ping_status":"closed","template":"","meta":{"_et_pb_use_builder":"","_et_pb_old_content":"","_et_gb_content_width":""},"product_brand":[],"product_cat":[144,118],"product_tag":[],"class_list":{"0":"post-57340","1":"product","2":"type-product","3":"status-publish","4":"has-post-thumbnail","6":"product_cat-accessoire","7":"product_cat-neuheiten","9":"first","10":"instock","11":"shipping-taxable","12":"purchasable","13":"product-type-simple"},"_links":{"self":[{"href":"https:\/\/mademois-elle.ch\/index.php?rest_route=\/wp\/v2\/product\/57340","targetHints":{"allow":["GET"]}}],"collection":[{"href":"https:\/\/mademois-elle.ch\/index.php?rest_route=\/wp\/v2\/product"}],"about":[{"href":"https:\/\/mademois-elle.ch\/index.php?rest_route=\/wp\/v2\/types\/product"}],"replies":[{"embeddable":true,"href":"https:\/\/mademois-elle.ch\/index.php?rest_route=%2Fwp%2Fv2%2Fcomments&post=57340"}],"wp:featuredmedia":[{"embeddable":true,"href":"https:\/\/mademois-elle.ch\/index.php?rest_route=\/wp\/v2\/media\/57341"}],"wp:attachment":[{"href":"https:\/\/mademois-elle.ch\/index.php?rest_route=%2Fwp%2Fv2%2Fmedia&parent=57340"}],"wp:term":[{"taxonomy":"product_brand","embeddable":true,"href":"https:\/\/mademois-elle.ch\/index.php?rest_route=%2Fwp%2Fv2%2Fproduct_brand&post=57340"},{"taxonomy":"product_cat","embeddable":true,"href":"https:\/\/mademois-elle.ch\/index.php?rest_route=%2Fwp%2Fv2%2Fproduct_cat&post=57340"},{"taxonomy":"product_tag","embeddable":true,"href":"https:\/\/mademois-elle.ch\/index.php?rest_route=%2Fwp%2Fv2%2Fproduct_tag&post=57340"}],"curies":[{"name":"wp","href":"https:\/\/api.w.org\/{rel}","templated":true}]}}