{"id":59492,"date":"2024-08-18T18:56:16","date_gmt":"2024-08-18T16:56:16","guid":{"rendered":"https:\/\/mademois-elle.ch\/?post_type=product&#038;p=59492"},"modified":"2024-08-18T19:07:39","modified_gmt":"2024-08-18T17:07:39","slug":"velvet-pouch","status":"publish","type":"product","link":"https:\/\/mademois-elle.ch\/?product=velvet-pouch&lang=de","title":{"rendered":"Velvet Pouch"},"content":{"rendered":"","protected":false},"excerpt":{"rendered":"<p>Diese handgefertigte pouch wurde mit Sorgfalt und Liebe zum Detail hergestellt und wird Ihr modisches Must-have sein.<\/p>\n<p>Aus strukturiertem Samtstoff, Rei\u00dfverschluss.<\/p>\n<p>Von Kunsthandwerkern in Marokko handgefertigt.<\/p>\n<p>L\u00e4nge 23 cm &#8211; H\u00f6he 18 cm, die Masse k\u00f6nnen leicht abweichen.<\/p>\n","protected":false},"featured_media":59493,"comment_status":"open","ping_status":"closed","template":"","meta":{"_et_pb_use_builder":"","_et_pb_old_content":"","_et_gb_content_width":""},"product_brand":[],"product_cat":[144,290,118],"product_tag":[],"class_list":{"0":"post-59492","1":"product","2":"type-product","3":"status-publish","4":"has-post-thumbnail","6":"product_cat-accessoire","7":"product_cat-coup-de-coeur-alld","8":"product_cat-neuheiten","10":"first","11":"instock","12":"shipping-taxable","13":"purchasable","14":"product-type-variable"},"_links":{"self":[{"href":"https:\/\/mademois-elle.ch\/index.php?rest_route=\/wp\/v2\/product\/59492","targetHints":{"allow":["GET"]}}],"collection":[{"href":"https:\/\/mademois-elle.ch\/index.php?rest_route=\/wp\/v2\/product"}],"about":[{"href":"https:\/\/mademois-elle.ch\/index.php?rest_route=\/wp\/v2\/types\/product"}],"replies":[{"embeddable":true,"href":"https:\/\/mademois-elle.ch\/index.php?rest_route=%2Fwp%2Fv2%2Fcomments&post=59492"}],"wp:featuredmedia":[{"embeddable":true,"href":"https:\/\/mademois-elle.ch\/index.php?rest_route=\/wp\/v2\/media\/59493"}],"wp:attachment":[{"href":"https:\/\/mademois-elle.ch\/index.php?rest_route=%2Fwp%2Fv2%2Fmedia&parent=59492"}],"wp:term":[{"taxonomy":"product_brand","embeddable":true,"href":"https:\/\/mademois-elle.ch\/index.php?rest_route=%2Fwp%2Fv2%2Fproduct_brand&post=59492"},{"taxonomy":"product_cat","embeddable":true,"href":"https:\/\/mademois-elle.ch\/index.php?rest_route=%2Fwp%2Fv2%2Fproduct_cat&post=59492"},{"taxonomy":"product_tag","embeddable":true,"href":"https:\/\/mademois-elle.ch\/index.php?rest_route=%2Fwp%2Fv2%2Fproduct_tag&post=59492"}],"curies":[{"name":"wp","href":"https:\/\/api.w.org\/{rel}","templated":true}]}}